inder when 27355048 is divided by 15?
13
Calculate the remainder when 6673250 is divided by 246.
8
What is the remainder when 5822 is divided by 4362?
1460
What is the remainder when 144868759 is divided by 65?
9
Calculate the remainder when 3817622 is divided by 3817614.
8
What is the remainder when 160003 is divided by 259?
200
Calculate the remainder when 1147067 is divided by 6169.
5802
What is the remainder when 2107199 is divided by 32?
31
Calculate the remainder when 33825 is divided by 1185.
645
What is the remainder when 258120 is divided by 4629?
3525
Calculate the remainder when 946424 is divided by 45063.
101
Calculate the remainder when 25712 is divided by 1506.
110
What is the remainder when 378058 is divided by 19802?
1820
What is the remainder when 1108726 is divided by 1108719?
7
What is the remainder when 45736696 is divided by 302892?
4
What is the remainder when 1277692 is divided by 1020?
652
What is the remainder when 7437812 is divided by 77?
74
Calculate the remainder when 721486 is divided by 937.
933
What is the remainder when 195510599 is divided by 65170191?
26
What is the remainder when 21163174 is divided by 72?
70
Calculate the remainder when 586954 is divided by 645.
4
What is the remainder when 7878453 is divided by 253?
33
Calculate the remainder when 226739521 is divided by 1259664.
1
What is the remainder when 1091594 is divided by 1091545?
49
Calculate the remainder when 227527 is divided by 1507.
1477
What is the remainder when 430830 is divided by 716?
514
What is the remainder when 19181811 is divided by 19?
0
Calculate the remainder when 113695640 is divided by 28423907.
12
What is the remainder when 610812 is divided by 413?
398
What is the remainder when 2361629 is divided by 1101?
1085
Calculate the remainder when 20061299 is divided by 372.
83
What is the remainder when 2568868 is divided by 572?
16
Calculate the remainder when 1521324 is divided by 60845.
199
Calculate the remainder when 1194977 is divided by 602.
7
Calculate the remainder when 9419217 is divided by 1569842.
165
What is the remainder when 274516 is divided by 12175?
6666
Calculate the remainder when 43670 is divided by 790.
220
Calculate the remainder when 38738622 is divided by 25.
22
Calculate the remainder when 171672597 is divided by 24524656.
5
Calculate the remainder when 27623 is divided by 13405.
813
What is the remainder when 125923 is divided by 17585?
2828
What is the remainder when 178034 is divided by 25391?
297
What is the remainder when 20549381 is divided by 229?
66
Calculate the remainder when 1140866 is divided by 38027.
56
What is the remainder when 10098015 is divided by 136?
15
Calculate the remainder when 75130566 is divided by 29649.
0
Calculate the remainder when 22762 is divided by 7491.
289
Calculate the remainder when 636579 is divided by 2290.
2249
Calculate the remainder when 274573819 is divided by 91524603.
10
Calculate the remainder when 6452072 is divided by 716850.
422
What is the remainder when 2724446 is divided by 344?
310
Calculate the remainder when 625699 is divided by 62.
57
Calculate the remainder when 73794679 is divided by 1069488.
7
What is the remainder when 332545 is divided by 55140?
1705
What is the remainder when 33497 is divided by 15663?
2171
What is the remainder when 7778012 is divided by 672?
284
Calculate the remainder when 26646021 is divided by 11.
6
Calculate the remainder when 1762862 is divided by 10249.
34
Calculate the remainder when 119573 is divided by 59317.
939
Calculate the remainder when 2968671 is divided by 34925.
46
What is the remainder when 20573 is divided by 19400?
1173
Calculate the remainder when 88460 is divided by 29231.
767
What is the remainder when 47441569 is divided by 701?
693
Calculate the remainder when 578300 is divided by 576.
572
What is the remainder when 13863974 is divided by 6675?
6674
What is the remainder when 585376 is divided by 97557?
34
What is the remainder when 16922780 is divided by 238347?
143
What is the remainder when 2514740 is divided by 35?
25
What is the remainder when 201544 is divided by 92?
64
Calculate the remainder when 511379 is divided by 510842.
537
Calculate the remainder when 27103 is divided by 2513.
1973
What is the remainder when 176933 is divided by 2641?
2627
Calculate the remainder when 198480 is divided by 24808.
16
What is the remainder when 7812676 is divided by 34723?
1
What is the remainder when 6584198 is divided by 1257?
32
What is the remainder when 1557170 is divided by 6741?
6740
What is the remainder when 282805106 is divided by 210?
206
Calculate the remainder when 27395 is divided by 828.
71
Calculate the remainder when 10955996 is divided by 1056.
1052
Calculate the remainder when 7811 is divided by 3328.
1155
Calculate the remainder when 24197010 is divided by 282.
0
Calculate the remainder when 3377191 is divided by 8024.
7111
What is the remainder when 44801 is divided by 7375?
551
Calculate the remainder when 81967872 is divided by 1381.
1379
What is the remainder when 331690 is divided by 6030?
40
Calculate the remainder when 823430 is divided by 51455.
150
What is the remainder when 7569535 is divided by 26?
25
Calculate the remainder when 257399 is divided by 12841.
579
What is the remainder when 2022765 is divided by 74917?
6
Calculate the remainder when 1800537 is divided by 4893.
4806
What is the remainder when 51217 is divided by 3199?
33
What is the remainder when 199491 is divided by 24550?
3091
What is the remainder when 2282494 is divided by 2282433?
61
Calculate the remainder when 20988 is divided by 6344.
1956
Calculate the remainder when 231547 is divided by 798.
127
What is the remainder when 544655 is divided by 1154?
1121
What is the remainder when 726274 is divided by 2181?
1
What is the remainder when 25698 is divided by 5098?
208
What is the remainder when 89754820 is divided by 123?
121
What is the remainder when 82801 is divided by 894?
553
What is the remainder when 56123283 is divided by 1228?
1227
Calculate the remainder when 1689101 is divided by 1765.
1761
Calculate the remainder when 196114908 is divided by 16.
12
What is the remainder when 16144154 is divided by 547?
543
What is the remainder when 30375 is divided by 7537?
227
What is the remainder when 6029 is divided by 2821?
387
What is the remainder when 31509851 is divided by 23?
12
Calculate the remainder when 32606 is divided by 3248.
126
What is the remainder when 78466 is divided by 3532?
762
Calculate the remainder when 62661 is divided by 1706.
1245
Calculate the remainder when 399285 is divided by 397113.
2172
What is the remainder when 92414 is divided by 7694?
86
Calculate the remainder when 273333 is divided by 2336.
21
What is the remainder when 51817 is divided by 12937?
69
What is the remainder when 1040150 is divided by 38?
14
What is the remainder when 27377334 is divided by 724?
722
Calculate the remainder when 7375764 is divided by 18.
12
What is the remainder when 41691 is divided by 20216?
1259
Calculate the remainder when 1232816 is divided by 410927.
35
Calculate the remainder when 247898 is divided by 567.
119
Calculate the remainder when 30612206 is divided by 131.
126
Calculate the remainder when 341932 is divided by 581.
304
Calculate the remainder when 9011137 is divided by 328.
321
What is the remainder when 58454 is divided by 336?
326
Calculate the remainder when 85098090 is divided by 10637259.
18
Calculate the remainder when 5653256 is divided by 228.
224
Calculate the remainder when 236276 is divided by 26.
14
What is the remainder when 3727726 is divided by 371?
289
What is the remainder when 379585 is divided by 22303?
434
Calculate the remainder when 8417962 is divided by 5301.
5275
What is the remainder when 164195691 is divided by 12868?
11
What is the remainder when 2299689 is divided by 256?
41
What is the remainder when 2505477 is divided by 12344?
11989
What is the remainder when 283317 is divided by 47218?
9
Calculate the remainder when 360031 is divided by 1881.
760
What is the remainder when 25479878 is divided by 1273992?
38
Calculate the remainder when 242294847 is divided by 234.
15
Calculate the remainder when 1581681 is divided by 1581603.
78
Calculate 